{"id":17,"date":"2021-01-19T23:02:05","date_gmt":"2021-01-19T21:02:05","guid":{"rendered":"http:\/\/wp13621818.server-he.de\/?page_id=17"},"modified":"2025-12-05T19:16:50","modified_gmt":"2025-12-05T17:16:50","slug":"verlag","status":"publish","type":"page","link":"https:\/\/europaeischeverlagsanstalt.de\/?page_id=17","title":{"rendered":"Verlag"},"content":{"rendered":"<section class=\"l-section wpb_row height_medium with_overlay\"><div class=\"l-section-overlay\" style=\"background: #fff\"><\/div><div class=\"l-section-h i-cf\"><div class=\"g-cols vc_row type_default valign_top\"><div class=\"vc_col-sm-12 wpb_column vc_column_container\"><div class=\"vc_column-inner\"><div class=\"wpb_wrapper\">[vc_custom_heading text=&#8221;Der Verlag&#8221; google_fonts=&#8221;font_family:Open%20Sans%3A300%2C300italic%2Cregular%2Citalic%2C600%2C600italic%2C700%2C700italic%2C800%2C800italic|font_style:600%20bold%20regular%3A600%3Anormal&#8221; css=&#8221;%7B%22default%22%3A%7B%22color%22%3A%22%23333333%22%2C%22font-weight%22%3A%22700%22%2C%22font-size%22%3A%2236px%22%2C%22padding-top%22%3A%2240px%22%7D%7D&#8221;]<\/div><\/div><\/div><\/div><\/div><\/section><section class=\"l-section wpb_row us_custom_c5e3f6e8 height_medium\"><div class=\"l-section-h i-cf\"><div class=\"g-cols vc_row type_default valign_top\"><div class=\"vc_col-sm-8 wpb_column vc_column_container\"><div class=\"vc_column-inner\"><div class=\"wpb_wrapper\"><div class=\"wpb_text_column us_custom_a86ce6fd has_text_color\" ><div class=\"wpb_wrapper\"><p><span style=\"color: #333333;\"><span style=\"font-family: Times New Roman, serif;\"><span style=\"font-size: large;\">Die Europ\u00e4ische Verlagsanstalt wurde am 14. November 1946 in Hamburg mit dem Ziel gegr\u00fcndet, \u00bbV\u00f6lkerverst\u00e4ndigung und den europ\u00e4ischen Gedanken\u00ab zu f\u00f6rdern und sich mit der j\u00fcdisch-deutschen Geschichte auseinanderzusetzen. Titel wie \u00bbGeschichte und Entstehung der Weimarer Republik\u00ab von Arthur Rosenberg, \u00bbDer SS-Staat\u00ab von Eugen Kogon, \u00bbElemente und Urspr\u00fcnge totaler Herrschaft\u00ab von Hannah Arendt, \u00bbDer Doppelstaat\u00ab von Ernst Fraenkel und \u00bbBehemoth\u00ab von Franz Neumann sind inzwischen Standardwerke geworden. Hinzu kamen bedeutende literarische Autoren wie Ernst Kreuder, Wolfgang Weyrauch, V.O. Stomps, Hans Henny Jahnn und das Gesamtwerk von B. Traven.<\/span><\/span><\/span><\/p>\n<p><span style=\"color: #333333;\"><span style=\"font-family: Times New Roman, serif;\"><span style=\"font-size: large;\">In den 1960er Jahren, inzwischen nach Frankfurt am Main umgezogen, entwickelte sich die Europ\u00e4ische Verlagsanstalt zu einem Forum f\u00fcr Gesellschaftskritik: So wurden die Proteste und Kampagnen gegen den Vietnam-Krieg, die Bild-Zeitung und die Notstandsgesetzgebung dokumentiert. Wolfgang Abendroth, Ossip K. Flechtheim, Iring Fetscher, Klaus D\u00f6rner, Erich Fromm ver\u00f6ffentlichten ihre Werke in der Europ\u00e4ischen Verlagsanstalt.<\/span><\/span><\/span><\/p>\n<p><span style=\"color: #333333;\"><span style=\"font-family: Times New Roman, serif;\"><span style=\"font-size: large;\">Ab 1973 wurde die Europ\u00e4ische Verlagsanstalt zusammen mit dem gewerkschaftseigenen Bund-Verlag in K\u00f6ln weitergef\u00fchrt. Dort erschien 1977 u.a. auch \u00bbDie Alternative. Zur Kritik des real existierenden Sozialismus\u00ab des DDR-Regimekritikers Rudolf Bahro. <\/span><\/span><\/span><\/p>\n<p><span style=\"color: #333333;\"><span style=\"font-family: Times New Roman, serif;\"><span style=\"font-size: large;\">1979 trennten sich die Gewerkschaften vom Verlag. Der Verleger Axel R\u00fctters, der 1976 mit Karl Markus Michel die \u00bbSyndikat Autoren- und Verlagsgesellschaft\u00ab gegr\u00fcndet hatte, und der Hamburger Rechtsanwalt Kurt Groenewold wurden die neuen Gesellschafter. Zusammen mit den Lektoren G\u00fcnther Busch (jahrelang der \u201eKopf\u201c der edition suhrkamp) und Henning Ritter (Autor und Herausgeber, sp\u00e4ter verantwortlich f\u00fcr die Seite \u00bbGeisteswissenschaften\u00ab in der FAZ) f\u00fchrten sie die Europ\u00e4ische Verlagsanstalt mit Autoren wie Peter Br\u00fcckner, Otto Kirchheimer, Alexander Kluge, Peter Gorsen, Albert Soboul, Isaiah Berlin, Ernst H. Gombrich zu ihren Anf\u00e4ngen zur\u00fcck.<\/span><\/span><\/span><\/p>\n<p><span style=\"color: #333333;\"><span style=\"font-family: Times New Roman, serif;\"><span style=\"font-size: large;\">Wieder in Hamburg und mit Sabine Groenewold als Verlegerin erhielt die Europ\u00e4ische Verlagsanstalt 1999 den Preis der Hamburger Kulturbeh\u00f6rde. In der Begr\u00fcndung hei\u00dft es: \u00bbDas Programm der Europ\u00e4ischen Verlagsanstalt bewegt sich seit vielen Jahren auf einem gleichbleibend hohen Niveau und \u00fcberrascht dabei immer wieder mit Vorst\u00f6\u00dfen in bislang unbetretenes Terrain \u2026 geleitet von einer klugen, aufgekl\u00e4rten und zukunftsorientierten Intellektualit\u00e4t.\u00ab<\/span><\/span><\/span><\/p>\n<p><span style=\"color: #333333;\"><span style=\"font-family: Times New Roman, serif;\"><span style=\"font-size: large;\">Nach dem Ausscheiden von Sabine Groenewold Ende 2004 wurden wieder Axel R\u00fctters und Irmela R\u00fctters Verleger der Europ\u00e4ischen Verlagsanstalt. Sie setzten u.a. mit B\u00fcchern zu Umwelt und Gesellschaft neue Akzente. Insbesondere in den EVA Taschenb\u00fcchern werden Texte und Analysen bedeutender Philosophen und Soziologen wie Theodor W. Adorno, Zygmunt Bauman, Henri Bergson, Gilles Deleuze und Edmund Husserl, John Stuart Mill und vielen mehr wieder vorgelegt. B\u00fccher zur Zeit- und Ideengeschichte, Nationalismus und Diktatur, sowie zur j\u00fcdisch-deutschen\/deutsch-j\u00fcdischen Geschichte sind nach wie vor Programmschwerpunkte der langj\u00e4hrigen Verlagsarbeit.<\/span><\/span><\/span><\/p>\n<\/div><\/div><\/div><\/div><\/div><div class=\"vc_col-sm-4 wpb_column vc_column_container\"><div class=\"vc_column-inner\"><div class=\"wpb_wrapper\"><div class=\"w-image us_custom_3ed4f284 align_center\"><div class=\"w-image-h\"><img width=\"469\" height=\"640\" src=\"https:\/\/europaeischeverlagsanstalt.de\/wp-856ad-content\/uploads\/2021\/03\/02_elemente_und_urspruenge_totaler_herrschaft.jpg\" class=\"attachment-full size-full\" alt=\"\" loading=\"lazy\" srcset=\"https:\/\/europaeischeverlagsanstalt.de\/wp-856ad-content\/uploads\/2021\/03\/02_elemente_und_urspruenge_totaler_herrschaft.jpg 469w, https:\/\/europaeischeverlagsanstalt.de\/wp-856ad-content\/uploads\/2021\/03\/02_elemente_und_urspruenge_totaler_herrschaft-220x300.jpg 220w, https:\/\/europaeischeverlagsanstalt.de\/wp-856ad-content\/uploads\/2021\/03\/02_elemente_und_urspruenge_totaler_herrschaft-293x400.jpg 293w, https:\/\/europaeischeverlagsanstalt.de\/wp-856ad-content\/uploads\/2021\/03\/02_elemente_und_urspruenge_totaler_herrschaft-37x50.jpg 37w\" sizes=\"(max-width: 469px) 100vw, 469px\" \/><\/div><\/div><div class=\"w-separator size_custom\" style=\"height:6rem\"><\/div><div class=\"w-image us_custom_3ed4f284 align_center\"><div class=\"w-image-h\"><img width=\"393\" height=\"640\" src=\"https:\/\/europaeischeverlagsanstalt.de\/wp-856ad-content\/uploads\/2021\/03\/05_die_alternative.jpg\" class=\"attachment-full size-full\" alt=\"\" loading=\"lazy\" srcset=\"https:\/\/europaeischeverlagsanstalt.de\/wp-856ad-content\/uploads\/2021\/03\/05_die_alternative.jpg 393w, https:\/\/europaeischeverlagsanstalt.de\/wp-856ad-content\/uploads\/2021\/03\/05_die_alternative-184x300.jpg 184w, https:\/\/europaeischeverlagsanstalt.de\/wp-856ad-content\/uploads\/2021\/03\/05_die_alternative-246x400.jpg 246w, https:\/\/europaeischeverlagsanstalt.de\/wp-856ad-content\/uploads\/2021\/03\/05_die_alternative-31x50.jpg 31w\" sizes=\"(max-width: 393px) 100vw, 393px\" \/><\/div><\/div><div class=\"w-separator size_custom\" style=\"height:6rem\"><\/div><div class=\"w-image us_custom_3ed4f284 align_center\"><div class=\"w-image-h\"><img width=\"1640\" height=\"2560\" src=\"https:\/\/europaeischeverlagsanstalt.de\/wp-856ad-content\/uploads\/2021\/02\/978-3-86393-048-6_gross-scaled.jpg\" class=\"attachment-full size-full\" alt=\"Behemoth\" loading=\"lazy\" srcset=\"https:\/\/europaeischeverlagsanstalt.de\/wp-856ad-content\/uploads\/2021\/02\/978-3-86393-048-6_gross-scaled.jpg 1640w, https:\/\/europaeischeverlagsanstalt.de\/wp-856ad-content\/uploads\/2021\/02\/978-3-86393-048-6_gross-192x300.jpg 192w, https:\/\/europaeischeverlagsanstalt.de\/wp-856ad-content\/uploads\/2021\/02\/978-3-86393-048-6_gross-656x1024.jpg 656w, https:\/\/europaeischeverlagsanstalt.de\/wp-856ad-content\/uploads\/2021\/02\/978-3-86393-048-6_gross-256x400.jpg 256w, https:\/\/europaeischeverlagsanstalt.de\/wp-856ad-content\/uploads\/2021\/02\/978-3-86393-048-6_gross-32x50.jpg 32w\" sizes=\"(max-width: 1640px) 100vw, 1640px\" \/><\/div><\/div><div class=\"w-separator size_custom\" style=\"height:6rem\"><\/div><div class=\"w-image us_custom_3ed4f284 align_center\"><div class=\"w-image-h\"><img width=\"1687\" height=\"2560\" src=\"https:\/\/europaeischeverlagsanstalt.de\/wp-856ad-content\/uploads\/2022\/12\/Fraenkel-Cover-5.-Auflage-scaled.jpg\" class=\"attachment-full size-full\" alt=\"\" loading=\"lazy\" srcset=\"https:\/\/europaeischeverlagsanstalt.de\/wp-856ad-content\/uploads\/2022\/12\/Fraenkel-Cover-5.-Auflage-scaled.jpg 1687w, https:\/\/europaeischeverlagsanstalt.de\/wp-856ad-content\/uploads\/2022\/12\/Fraenkel-Cover-5.-Auflage-198x300.jpg 198w, https:\/\/europaeischeverlagsanstalt.de\/wp-856ad-content\/uploads\/2022\/12\/Fraenkel-Cover-5.-Auflage-675x1024.jpg 675w, https:\/\/europaeischeverlagsanstalt.de\/wp-856ad-content\/uploads\/2022\/12\/Fraenkel-Cover-5.-Auflage-264x400.jpg 264w, https:\/\/europaeischeverlagsanstalt.de\/wp-856ad-content\/uploads\/2022\/12\/Fraenkel-Cover-5.-Auflage-33x50.jpg 33w\" sizes=\"(max-width: 1687px) 100vw, 1687px\" \/><\/div><\/div><div class=\"w-separator size_custom\" style=\"height:6rem\"><\/div><\/div><\/div><\/div><\/div><\/div><\/section>\n","protected":false},"excerpt":{"rendered":"[vc_custom_heading text=\"Der Verlag\" google_fonts=\"font_family:Open%20Sans%3A300%2C300italic%2Cregular%2Citalic%2C600%2C600italic%2C700%2C700italic%2C800%2C800italic|font_style:600%20bold%20regular%3A600%3Anormal\" css=\"%7B%22default%22%3A%7B%22color%22%3A%22%23333333%22%2C%22font-weight%22%3A%22700%22%2C%22font-size%22%3A%2236px%22%2C%22padding-top%22%3A%2240px%22%7D%7D\"]Die Europ\u00e4ische Verlagsanstalt wurde am 14. November 1946 in Hamburg mit dem Ziel gegr\u00fcndet, \u00bbV\u00f6lkerverst\u00e4ndigung und den europ\u00e4ischen Gedanken\u00ab zu f\u00f6rdern und sich mit der j\u00fcdisch-deutschen Geschichte auseinanderzusetzen. Titel wie \u00bbGeschichte und Entstehung der Weimarer Republik\u00ab von Arthur Rosenberg, \u00bbDer SS-Staat\u00ab von Eugen Kogon, \u00bbElemente und Urspr\u00fcnge totaler Herrschaft\u00ab von Hannah...","protected":false},"author":1,"featured_media":0,"parent":0,"menu_order":0,"comment_status":"closed","ping_status":"closed","template":"","meta":[],"_links":{"self":[{"href":"https:\/\/europaeischeverlagsanstalt.de\/index.php?rest_route=\/wp\/v2\/pages\/17"}],"collection":[{"href":"https:\/\/europaeischeverlagsanstalt.de\/index.php?rest_route=\/wp\/v2\/pages"}],"about":[{"href":"https:\/\/europaeischeverlagsanstalt.de\/index.php?rest_route=\/wp\/v2\/types\/page"}],"author":[{"embeddable":true,"href":"https:\/\/europaeischeverlagsanstalt.de\/index.php?rest_route=\/wp\/v2\/users\/1"}],"replies":[{"embeddable":true,"href":"https:\/\/europaeischeverlagsanstalt.de\/index.php?rest_route=%2Fwp%2Fv2%2Fcomments&post=17"}],"version-history":[{"count":47,"href":"https:\/\/europaeischeverlagsanstalt.de\/index.php?rest_route=\/wp\/v2\/pages\/17\/revisions"}],"predecessor-version":[{"id":6553,"href":"https:\/\/europaeischeverlagsanstalt.de\/index.php?rest_route=\/wp\/v2\/pages\/17\/revisions\/6553"}],"wp:attachment":[{"href":"https:\/\/europaeischeverlagsanstalt.de\/index.php?rest_route=%2Fwp%2Fv2%2Fmedia&parent=17"}],"curies":[{"name":"wp","href":"https:\/\/api.w.org\/{rel}","templated":true}]}}

<section class="l-section wpb_row height_medium with_overlay"><div class="l-section-overlay" style="background: #fff"></div><div class="l-section-h i-cf"><div class="g-cols vc_row type_default valign_top"><div class="vc_col-sm-12 wpb_column vc_column_container"><div class="vc_column-inner"><div class="wpb_wrapper">[vc_custom_heading text=&#8221;Der Verlag&#8221; google_fonts=&#8221;font_family:Open%20Sans%3A300%2C300italic%2Cregular%2Citalic%2C600%2C600italic%2C700%2C700italic%2C800%2C800italic|font_style:600%20bold%20regular%3A600%3Anormal&#8221; css=&#8221;%7B%22default%22%3A%7B%22color%22%3A%22%23333333%22%2C%22font-weight%22%3A%22700%22%2C%22font-size%22%3A%2236px%22%2C%22padding-top%22%3A%2240px%22%7D%7D&#8221;]</div></div></div></div></div></section><section class="l-section wpb_row us_custom_c5e3f6e8 height_medium"><div class="l-section-h i-cf"><div class="g-cols vc_row type_default valign_top"><div class="vc_col-sm-8 wpb_column vc_column_container"><div class="vc_column-inner"><div class="wpb_wrapper"><div class="wpb_text_column us_custom_a86ce6fd has_text_color" ><div class="wpb_wrapper"><p><span style="color: #333333;"><span style="font-family: Times New Roman, serif;"><span style="font-size: large;">Die Europäische Verlagsanstalt wurde am 14. November 1946 in Hamburg mit dem Ziel gegründet, »Völkerverständigung und den europäischen Gedanken« zu fördern und sich mit der jüdisch-deutschen Geschichte auseinanderzusetzen. Titel wie »Geschichte und Entstehung der Weimarer Republik« von Arthur Rosenberg, »Der SS-Staat« von Eugen Kogon, »Elemente und Ursprünge totaler Herrschaft« von Hannah Arendt, »Der Doppelstaat« von Ernst Fraenkel und »Behemoth« von Franz Neumann sind inzwischen Standardwerke geworden. Hinzu kamen bedeutende literarische Autoren wie Ernst Kreuder, Wolfgang Weyrauch, V.O. Stomps, Hans Henny Jahnn und das Gesamtwerk von B. Traven.</span></span></span></p>
<p><span style="color: #333333;"><span style="font-family: Times New Roman, serif;"><span style="font-size: large;">In den 1960er Jahren, inzwischen nach Frankfurt am Main umgezogen, entwickelte sich die Europäische Verlagsanstalt zu einem Forum für Gesellschaftskritik: So wurden die Proteste und Kampagnen gegen den Vietnam-Krieg, die Bild-Zeitung und die Notstandsgesetzgebung dokumentiert. Wolfgang Abendroth, Ossip K. Flechtheim, Iring Fetscher, Klaus Dörner, Erich Fromm veröffentlichten ihre Werke in der Europäischen Verlagsanstalt.</span></span></span></p>
<p><span style="color: #333333;"><span style="font-family: Times New Roman, serif;"><span style="font-size: large;">Ab 1973 wurde die Europäische Verlagsanstalt zusammen mit dem gewerkschaftseigenen Bund-Verlag in Köln weitergeführt. Dort erschien 1977 u.a. auch »Die Alternative. Zur Kritik des real existierenden Sozialismus« des DDR-Regimekritikers Rudolf Bahro. </span></span></span></p>
<p><span style="color: #333333;"><span style="font-family: Times New Roman, serif;"><span style="font-size: large;">1979 trennten sich die Gewerkschaften vom Verlag. Der Verleger Axel Rütters, der 1976 mit Karl Markus Michel die »Syndikat Autoren- und Verlagsgesellschaft« gegründet hatte, und der Hamburger Rechtsanwalt Kurt Groenewold wurden die neuen Gesellschafter. Zusammen mit den Lektoren Günther Busch (jahrelang der „Kopf“ der edition suhrkamp) und Henning Ritter (Autor und Herausgeber, später verantwortlich für die Seite »Geisteswissenschaften« in der FAZ) führten sie die Europäische Verlagsanstalt mit Autoren wie Peter Brückner, Otto Kirchheimer, Alexander Kluge, Peter Gorsen, Albert Soboul, Isaiah Berlin, Ernst H. Gombrich zu ihren Anfängen zurück.</span></span></span></p>
<p><span style="color: #333333;"><span style="font-family: Times New Roman, serif;"><span style="font-size: large;">Wieder in Hamburg und mit Sabine Groenewold als Verlegerin erhielt die Europäische Verlagsanstalt 1999 den Preis der Hamburger Kulturbehörde. In der Begründung heißt es: »Das Programm der Europäischen Verlagsanstalt bewegt sich seit vielen Jahren auf einem gleichbleibend hohen Niveau und überrascht dabei immer wieder mit Vorstößen in bislang unbetretenes Terrain … geleitet von einer klugen, aufgeklärten und zukunftsorientierten Intellektualität.«</span></span></span></p>
<p><span style="color: #333333;"><span style="font-family: Times New Roman, serif;"><span style="font-size: large;">Nach dem Ausscheiden von Sabine Groenewold Ende 2004 wurden wieder Axel Rütters und Irmela Rütters Verleger der Europäischen Verlagsanstalt. Sie setzten u.a. mit Büchern zu Umwelt und Gesellschaft neue Akzente. Insbesondere in den EVA Taschenbüchern werden Texte und Analysen bedeutender Philosophen und Soziologen wie Theodor W. Adorno, Zygmunt Bauman, Henri Bergson, Gilles Deleuze und Edmund Husserl, John Stuart Mill und vielen mehr wieder vorgelegt. Bücher zur Zeit- und Ideengeschichte, Nationalismus und Diktatur, sowie zur jüdisch-deutschen/deutsch-jüdischen Geschichte sind nach wie vor Programmschwerpunkte der langjährigen Verlagsarbeit.</span></span></span></p>
</div></div></div></div></div><div class="vc_col-sm-4 wpb_column vc_column_container"><div class="vc_column-inner"><div class="wpb_wrapper"><div class="w-image us_custom_3ed4f284 align_center"><div class="w-image-h"><img width="469" height="640" src="https://europaeischeverlagsanstalt.de/wp-856ad-content/uploads/2021/03/02_elemente_und_urspruenge_totaler_herrschaft.jpg" class="attachment-full size-full" alt="" loading="lazy" srcset="https://europaeischeverlagsanstalt.de/wp-856ad-content/uploads/2021/03/02_elemente_und_urspruenge_totaler_herrschaft.jpg 469w, https://europaeischeverlagsanstalt.de/wp-856ad-content/uploads/2021/03/02_elemente_und_urspruenge_totaler_herrschaft-220x300.jpg 220w, https://europaeischeverlagsanstalt.de/wp-856ad-content/uploads/2021/03/02_elemente_und_urspruenge_totaler_herrschaft-293x400.jpg 293w, https://europaeischeverlagsanstalt.de/wp-856ad-content/uploads/2021/03/02_elemente_und_urspruenge_totaler_herrschaft-37x50.jpg 37w" sizes="(max-width: 469px) 100vw, 469px" /></div></div><div class="w-separator size_custom" style="height:6rem"></div><div class="w-image us_custom_3ed4f284 align_center"><div class="w-image-h"><img width="393" height="640" src="https://europaeischeverlagsanstalt.de/wp-856ad-content/uploads/2021/03/05_die_alternative.jpg" class="attachment-full size-full" alt="" loading="lazy" srcset="https://europaeischeverlagsanstalt.de/wp-856ad-content/uploads/2021/03/05_die_alternative.jpg 393w, https://europaeischeverlagsanstalt.de/wp-856ad-content/uploads/2021/03/05_die_alternative-184x300.jpg 184w, https://europaeischeverlagsanstalt.de/wp-856ad-content/uploads/2021/03/05_die_alternative-246x400.jpg 246w, https://europaeischeverlagsanstalt.de/wp-856ad-content/uploads/2021/03/05_die_alternative-31x50.jpg 31w" sizes="(max-width: 393px) 100vw, 393px" /></div></div><div class="w-separator size_custom" style="height:6rem"></div><div class="w-image us_custom_3ed4f284 align_center"><div class="w-image-h"><img width="1640" height="2560" src="https://europaeischeverlagsanstalt.de/wp-856ad-content/uploads/2021/02/978-3-86393-048-6_gross-scaled.jpg" class="attachment-full size-full" alt="Behemoth" loading="lazy" srcset="https://europaeischeverlagsanstalt.de/wp-856ad-content/uploads/2021/02/978-3-86393-048-6_gross-scaled.jpg 1640w, https://europaeischeverlagsanstalt.de/wp-856ad-content/uploads/2021/02/978-3-86393-048-6_gross-192x300.jpg 192w, https://europaeischeverlagsanstalt.de/wp-856ad-content/uploads/2021/02/978-3-86393-048-6_gross-656x1024.jpg 656w, https://europaeischeverlagsanstalt.de/wp-856ad-content/uploads/2021/02/978-3-86393-048-6_gross-256x400.jpg 256w, https://europaeischeverlagsanstalt.de/wp-856ad-content/uploads/2021/02/978-3-86393-048-6_gross-32x50.jpg 32w" sizes="(max-width: 1640px) 100vw, 1640px" /></div></div><div class="w-separator size_custom" style="height:6rem"></div><div class="w-image us_custom_3ed4f284 align_center"><div class="w-image-h"><img width="1687" height="2560" src="https://europaeischeverlagsanstalt.de/wp-856ad-content/uploads/2022/12/Fraenkel-Cover-5.-Auflage-scaled.jpg" class="attachment-full size-full" alt="" loading="lazy" srcset="https://europaeischeverlagsanstalt.de/wp-856ad-content/uploads/2022/12/Fraenkel-Cover-5.-Auflage-scaled.jpg 1687w, https://europaeischeverlagsanstalt.de/wp-856ad-content/uploads/2022/12/Fraenkel-Cover-5.-Auflage-198x300.jpg 198w, https://europaeischeverlagsanstalt.de/wp-856ad-content/uploads/2022/12/Fraenkel-Cover-5.-Auflage-675x1024.jpg 675w, https://europaeischeverlagsanstalt.de/wp-856ad-content/uploads/2022/12/Fraenkel-Cover-5.-Auflage-264x400.jpg 264w, https://europaeischeverlagsanstalt.de/wp-856ad-content/uploads/2022/12/Fraenkel-Cover-5.-Auflage-33x50.jpg 33w" sizes="(max-width: 1687px) 100vw, 1687px" /></div></div><div class="w-separator size_custom" style="height:6rem"></div></div></div></div></div></div></section>

[vc_custom_heading text="Der Verlag" google_fonts="font_family:Open%20Sans%3A300%2C300italic%2Cregular%2Citalic%2C600%2C600italic%2C700%2C700italic%2C800%2C800italic|font_style:600%20bold%20regular%3A600%3Anormal" css="%7B%22default%22%3A%7B%22color%22%3A%22%23333333%22%2C%22font-weight%22%3A%22700%22%2C%22font-size%22%3A%2236px%22%2C%22padding-top%22%3A%2240px%22%7D%7D"]Die Europäische Verlagsanstalt wurde am 14. November 1946 in Hamburg mit dem Ziel gegründet, »Völkerverständigung und den europäischen Gedanken« zu fördern und sich mit der jüdisch-deutschen Geschichte auseinanderzusetzen. Titel wie »Geschichte und Entstehung der Weimarer Republik« von Arthur Rosenberg, »Der SS-Staat« von Eugen Kogon, »Elemente und Ursprünge totaler Herrschaft« von Hannah...
